{"id":248,"date":"2023-08-23T18:48:01","date_gmt":"2023-08-23T18:48:01","guid":{"rendered":"https:\/\/esperilla.com.mx\/abogados\/?page_id=248"},"modified":"2023-08-23T18:48:01","modified_gmt":"2023-08-23T18:48:01","slug":"jorge-adrian-alcocer-castillejos","status":"publish","type":"page","link":"https:\/\/cgctax.com\/english\/jorge-adrian-alcocer-castillejos\/","title":{"rendered":"Jorge Adri\u00e1n Alcocer Castillejos"},"content":{"rendered":"<div class=\"wpb-content-wrapper\"><p>[vc_row full_width=&#8221;stretch_row&#8221; css=&#8221;.vc_custom_1692815916154{background-image: url(http:\/\/cgctax.com\/wp-content\/uploads\/2023\/08\/abogados-fiscales-calderon-gonzalez-y-asociados-07.png?id=69) !important;background-position: center !important;background-repeat: no-repeat !important;background-size: cover !important;}&#8221;][vc_column][vc_empty_space][vc_row_inner][vc_column_inner width=&#8221;2\/3&#8243; css=&#8221;.vc_custom_1692126488042{border-right-width: 5px !important;padding-top: 50px !important;padding-right: 30px !important;padding-bottom: 30px !important;padding-left: 30px !important;background-color: #f9f7f7 !important;border-right-color: #d4420b !important;border-right-style: solid !important;}&#8221;][vc_column_text css=&#8221;&#8221;]<span style=\"color: #d4420b;\">THE TEAM. CALDER\u00d3N GONZ\u00c1LEZ Y ASOCIADOS<\/span>[\/vc_column_text][vc_column_text]<\/p>\n<h1 style=\"text-align: left;\"><span style=\"color: #000000;\">Jorge Adri\u00e1n Alcocer Castillejos<\/span><\/h1>\n<p>[\/vc_column_text][\/vc_column_inner][vc_column_inner width=&#8221;1\/3&#8243;][\/vc_column_inner][\/vc_row_inner][\/vc_column][\/vc_row][vc_row full_width=&#8221;stretch_row&#8221;][vc_column width=&#8221;1\/3&#8243;][vc_single_image image=&#8221;1127&#8243; img_size=&#8221;full&#8221; alignment=&#8221;center&#8221; css=&#8221;&#8221;][\/vc_column][vc_column width=&#8221;2\/3&#8243;][vc_column_text css=&#8221;&#8221;]<\/p>\n<p style=\"text-align: justify;\">He earned his law degree from the National Autonomous University of Mexico (UNAM), and later specialized in tax law at the Autonomous Technological Institute of Mexico (ITAM). He also holds a specialization in amparo proceedings from the Mexican Bar Association.<\/p>\n<p style=\"text-align: justify;\">Since 2003, he has been an active member of the Mexican Bar Association, where he has served as a professor in its Tax Law Program and as coordinator of the Indirect and Local Taxes Committee.<\/p>\n<p style=\"text-align: justify;\">He began his professional career at Goodrich, Riquelme y Asociados, A.C. (1995\u20131997), and later became a partner at Cap\u00edn, Calder\u00f3n, Ram\u00edrez y Guti\u00e9rrez-Azpe, S.C. (1997\u20132009).<\/p>\n<p style=\"text-align: justify;\">In 2009, he founded Alcocer-Perell\u00f3 y Asociados, S.C., a law firm specializing in tax litigation.<\/p>\n<p style=\"text-align: justify;\">From December 2018 to May 2022, he served as Director General of Financial Crimes at the Federal Tax Attorney\u2019s Office within Mexico\u2019s Ministry of Finance and Public Credit.<\/p>\n<p style=\"text-align: justify;\">Since June 2022, he has been a tax litigation partner at Calder\u00f3n, Gonz\u00e1lez y Asociados.<\/p>\n<p>[\/vc_column_text][\/vc_column][\/vc_row]<\/p>\n<\/div>","protected":false},"excerpt":{"rendered":"<p>[vc_row full_width=&#8221;stretch_row&#8221; css=&#8221;.vc_custom_1692815916154{background-image: url(http:\/\/cgctax.com\/wp-content\/uploads\/2023\/08\/abogados-fiscales-calderon-gonzalez-y-asociados-07.png?id=69) !important;background-position: center !important;background-repeat: no-repeat !important;background-size: cover !important;}&#8221;][vc_column][vc_empty_space][vc_row_inner][vc_column_inner width=&#8221;2\/3&#8243; css=&#8221;.vc_custom_1692126488042{border-right-width: 5px !important;padding-top: 50px !important;padding-right: 30px !important;padding-bottom: 30px !important;padding-left: 30px !important;background-color: #f9f7f7 !important;border-right-color: #d4420b !important;border-right-style: solid !important;}&#8221;][vc_column_text css=&#8221;&#8221;]THE TEAM. CALDER\u00d3N GONZ\u00c1LEZ Y ASOCIADOS[\/vc_column_text][vc_column_text] Jorge Adri\u00e1n Alcocer Castillejos [\/vc_column_text][\/vc_column_inner][vc_column_inner width=&#8221;1\/3&#8243;][\/vc_column_inner][\/vc_row_inner][\/vc_column][\/vc_row][vc_row full_width=&#8221;stretch_row&#8221;][vc_column width=&#8221;1\/3&#8243;][vc_single_image image=&#8221;1127&#8243; img_size=&#8221;full&#8221; alignment=&#8221;center&#8221; css=&#8221;&#8221;][\/vc_column][vc_column width=&#8221;2\/3&#8243;][vc_column_text css=&#8221;&#8221;] He earned his law degree from [&hellip;]<\/p>\n","protected":false},"author":2,"featured_media":0,"parent":0,"menu_order":0,"comment_status":"closed","ping_status":"closed","template":"","meta":{"footnotes":""},"class_list":["post-248","page","type-page","status-publish","hentry"],"blocksy_meta":[],"_links":{"self":[{"href":"https:\/\/cgctax.com\/english\/wp-json\/wp\/v2\/pages\/248","targetHints":{"allow":["GET"]}}],"collection":[{"href":"https:\/\/cgctax.com\/english\/wp-json\/wp\/v2\/pages"}],"about":[{"href":"https:\/\/cgctax.com\/english\/wp-json\/wp\/v2\/types\/page"}],"author":[{"embeddable":true,"href":"https:\/\/cgctax.com\/english\/wp-json\/wp\/v2\/users\/2"}],"replies":[{"embeddable":true,"href":"https:\/\/cgctax.com\/english\/wp-json\/wp\/v2\/comments?post=248"}],"version-history":[{"count":0,"href":"https:\/\/cgctax.com\/english\/wp-json\/wp\/v2\/pages\/248\/revisions"}],"wp:attachment":[{"href":"https:\/\/cgctax.com\/english\/wp-json\/wp\/v2\/media?parent=248"}],"curies":[{"name":"wp","href":"https:\/\/api.w.org\/{rel}","templated":true}]}}

Jorge Adrián Alcocer Castillejos

<div class="wpb-content-wrapper"><p>[vc_row full_width=&#8221;stretch_row&#8221; css=&#8221;.vc_custom_1692815916154{background-image: url(http://cgctax.com/wp-content/uploads/2023/08/abogados-fiscales-calderon-gonzalez-y-asociados-07.png?id=69) !important;background-position: center !important;background-repeat: no-repeat !important;background-size: cover !important;}&#8221;][vc_column][vc_empty_space][vc_row_inner][vc_column_inner width=&#8221;2/3&#8243; css=&#8221;.vc_custom_1692126488042{border-right-width: 5px !important;padding-top: 50px !important;padding-right: 30px !important;padding-bottom: 30px !important;padding-left: 30px !important;background-color: #f9f7f7 !important;border-right-color: #d4420b !important;border-right-style: solid !important;}&#8221;][vc_column_text css=&#8221;&#8221;]<span style="color: #d4420b;">THE TEAM. CALDERÓN GONZÁLEZ Y ASOCIADOS</span>[/vc_column_text][vc_column_text]</p>
<h1 style="text-align: left;"><span style="color: #000000;">Jorge Adrián Alcocer Castillejos</span></h1>
<p>[/vc_column_text][/vc_column_inner][vc_column_inner width=&#8221;1/3&#8243;][/vc_column_inner][/vc_row_inner][/vc_column][/vc_row][vc_row full_width=&#8221;stretch_row&#8221;][vc_column width=&#8221;1/3&#8243;][vc_single_image image=&#8221;1127&#8243; img_size=&#8221;full&#8221; alignment=&#8221;center&#8221; css=&#8221;&#8221;][/vc_column][vc_column width=&#8221;2/3&#8243;][vc_column_text css=&#8221;&#8221;]</p>
<p style="text-align: justify;">He earned his law degree from the National Autonomous University of Mexico (UNAM), and later specialized in tax law at the Autonomous Technological Institute of Mexico (ITAM). He also holds a specialization in amparo proceedings from the Mexican Bar Association.</p>
<p style="text-align: justify;">Since 2003, he has been an active member of the Mexican Bar Association, where he has served as a professor in its Tax Law Program and as coordinator of the Indirect and Local Taxes Committee.</p>
<p style="text-align: justify;">He began his professional career at Goodrich, Riquelme y Asociados, A.C. (1995–1997), and later became a partner at Capín, Calderón, Ramírez y Gutiérrez-Azpe, S.C. (1997–2009).</p>
<p style="text-align: justify;">In 2009, he founded Alcocer-Perelló y Asociados, S.C., a law firm specializing in tax litigation.</p>
<p style="text-align: justify;">From December 2018 to May 2022, he served as Director General of Financial Crimes at the Federal Tax Attorney’s Office within Mexico’s Ministry of Finance and Public Credit.</p>
<p style="text-align: justify;">Since June 2022, he has been a tax litigation partner at Calderón, González y Asociados.</p>
<p>[/vc_column_text][/vc_column][/vc_row]</p>
</div>

<p>[vc_row full_width=&#8221;stretch_row&#8221; css=&#8221;.vc_custom_1692815916154{background-image: url(http://cgctax.com/wp-content/uploads/2023/08/abogados-fiscales-calderon-gonzalez-y-asociados-07.png?id=69) !important;background-position: center !important;background-repeat: no-repeat !important;background-size: cover !important;}&#8221;][vc_column][vc_empty_space][vc_row_inner][vc_column_inner width=&#8221;2/3&#8243; css=&#8221;.vc_custom_1692126488042{border-right-width: 5px !important;padding-top: 50px !important;padding-right: 30px !important;padding-bottom: 30px !important;padding-left: 30px !important;background-color: #f9f7f7 !important;border-right-color: #d4420b !important;border-right-style: solid !important;}&#8221;][vc_column_text css=&#8221;&#8221;]THE TEAM. CALDERÓN GONZÁLEZ Y ASOCIADOS[/vc_column_text][vc_column_text] Jorge Adrián Alcocer Castillejos [/vc_column_text][/vc_column_inner][vc_column_inner width=&#8221;1/3&#8243;][/vc_column_inner][/vc_row_inner][/vc_column][/vc_row][vc_row full_width=&#8221;stretch_row&#8221;][vc_column width=&#8221;1/3&#8243;][vc_single_image image=&#8221;1127&#8243; img_size=&#8221;full&#8221; alignment=&#8221;center&#8221; css=&#8221;&#8221;][/vc_column][vc_column width=&#8221;2/3&#8243;][vc_column_text css=&#8221;&#8221;] He earned his law degree from [&hellip;]</p>
