{"id":249,"date":"2023-08-23T18:48:56","date_gmt":"2023-08-23T18:48:56","guid":{"rendered":"https:\/\/esperilla.com.mx\/abogados\/?page_id=249"},"modified":"2023-08-23T18:48:56","modified_gmt":"2023-08-23T18:48:56","slug":"cuauhtemoc-r-hernandez-sanchez","status":"publish","type":"page","link":"https:\/\/cgctax.com\/english\/cuauhtemoc-r-hernandez-sanchez\/","title":{"rendered":"Cuauht\u00e9moc R. Hern\u00e1ndez S\u00e1nchez"},"content":{"rendered":"<div class=\"wpb-content-wrapper\"><p>[vc_row full_width=&#8221;stretch_row&#8221; css=&#8221;.vc_custom_1692815916154{background-image: url(http:\/\/cgctax.com\/wp-content\/uploads\/2023\/08\/abogados-fiscales-calderon-gonzalez-y-asociados-07.png?id=69) !important;background-position: center !important;background-repeat: no-repeat !important;background-size: cover !important;}&#8221;][vc_column][vc_empty_space][vc_row_inner][vc_column_inner width=&#8221;2\/3&#8243; css=&#8221;.vc_custom_1692126488042{border-right-width: 5px !important;padding-top: 50px !important;padding-right: 30px !important;padding-bottom: 30px !important;padding-left: 30px !important;background-color: #f9f7f7 !important;border-right-color: #d4420b !important;border-right-style: solid !important;}&#8221;][vc_column_text css=&#8221;&#8221;]<span style=\"color: #d4420b;\">THE TEAM. CALDER\u00d3N GONZ\u00c1LEZ Y ASOCIADOS<\/span>[\/vc_column_text][vc_column_text]<\/p>\n<h1 style=\"text-align: left;\"><span style=\"color: #000000;\">Cuauht\u00e9moc R. Hern\u00e1ndez S\u00e1nchez<\/span><\/h1>\n<p>[\/vc_column_text][\/vc_column_inner][vc_column_inner width=&#8221;1\/3&#8243;][\/vc_column_inner][\/vc_row_inner][\/vc_column][\/vc_row][vc_row full_width=&#8221;stretch_row&#8221;][vc_column width=&#8221;1\/3&#8243;][vc_single_image image=&#8221;1126&#8243; img_size=&#8221;full&#8221; alignment=&#8221;center&#8221; css=&#8221;&#8221;][\/vc_column][vc_column width=&#8221;2\/3&#8243;][vc_column_text css=&#8221;&#8221;]<\/p>\n<p style=\"text-align: justify;\">He is a founding partner of Transfer Pricing Intelligence, a firm specializing in transfer pricing in Mexico. With over 15 years at PricewaterhouseCoopers (PwC) and six years as an official at Mexico\u2019s Tax Administration Service (SAT), he brings extensive experience and deep technical expertise in transfer pricing.<\/p>\n<p style=\"text-align: justify;\">Throughout his career, he has led complex audits and dispute resolution processes, consistently delivering value and client satisfaction for multinational corporations across the United States, Latin America, Europe, and Asia. His work spans the entire transfer pricing lifecycle, including planning, policy design and implementation, pricing and contract structuring, monitoring and adjustments, and compliance documentation.<\/p>\n<p style=\"text-align: justify;\">He is recognized for his ability to manage and coordinate multidisciplinary teams during tax authority audits, establish effective communication with regulators, and develop strategies for resolving disputes at all stages, including litigation.<\/p>\n<p style=\"text-align: justify;\">He holds a Bachelor\u2019s degree in Accounting from the National Autonomous University of Mexico and a Master\u2019s in Economic and Financial Engineering from La Salle University. He is an active member of the Ibero-American Association of Transfer Pricing Specialists and the Tax Professional Development Commission of the Mexican Association of Public Accountants.<\/p>\n<p>[\/vc_column_text][\/vc_column][\/vc_row]<\/p>\n<\/div>","protected":false},"excerpt":{"rendered":"<p>[vc_row full_width=&#8221;stretch_row&#8221; css=&#8221;.vc_custom_1692815916154{background-image: url(http:\/\/cgctax.com\/wp-content\/uploads\/2023\/08\/abogados-fiscales-calderon-gonzalez-y-asociados-07.png?id=69) !important;background-position: center !important;background-repeat: no-repeat !important;background-size: cover !important;}&#8221;][vc_column][vc_empty_space][vc_row_inner][vc_column_inner width=&#8221;2\/3&#8243; css=&#8221;.vc_custom_1692126488042{border-right-width: 5px !important;padding-top: 50px !important;padding-right: 30px !important;padding-bottom: 30px !important;padding-left: 30px !important;background-color: #f9f7f7 !important;border-right-color: #d4420b !important;border-right-style: solid !important;}&#8221;][vc_column_text css=&#8221;&#8221;]THE TEAM. CALDER\u00d3N GONZ\u00c1LEZ Y ASOCIADOS[\/vc_column_text][vc_column_text] Cuauht\u00e9moc R. Hern\u00e1ndez S\u00e1nchez [\/vc_column_text][\/vc_column_inner][vc_column_inner width=&#8221;1\/3&#8243;][\/vc_column_inner][\/vc_row_inner][\/vc_column][\/vc_row][vc_row full_width=&#8221;stretch_row&#8221;][vc_column width=&#8221;1\/3&#8243;][vc_single_image image=&#8221;1126&#8243; img_size=&#8221;full&#8221; alignment=&#8221;center&#8221; css=&#8221;&#8221;][\/vc_column][vc_column width=&#8221;2\/3&#8243;][vc_column_text css=&#8221;&#8221;] He is a founding partner of [&hellip;]<\/p>\n","protected":false},"author":2,"featured_media":0,"parent":0,"menu_order":0,"comment_status":"closed","ping_status":"closed","template":"","meta":{"footnotes":""},"class_list":["post-249","page","type-page","status-publish","hentry"],"blocksy_meta":[],"_links":{"self":[{"href":"https:\/\/cgctax.com\/english\/wp-json\/wp\/v2\/pages\/249","targetHints":{"allow":["GET"]}}],"collection":[{"href":"https:\/\/cgctax.com\/english\/wp-json\/wp\/v2\/pages"}],"about":[{"href":"https:\/\/cgctax.com\/english\/wp-json\/wp\/v2\/types\/page"}],"author":[{"embeddable":true,"href":"https:\/\/cgctax.com\/english\/wp-json\/wp\/v2\/users\/2"}],"replies":[{"embeddable":true,"href":"https:\/\/cgctax.com\/english\/wp-json\/wp\/v2\/comments?post=249"}],"version-history":[{"count":0,"href":"https:\/\/cgctax.com\/english\/wp-json\/wp\/v2\/pages\/249\/revisions"}],"wp:attachment":[{"href":"https:\/\/cgctax.com\/english\/wp-json\/wp\/v2\/media?parent=249"}],"curies":[{"name":"wp","href":"https:\/\/api.w.org\/{rel}","templated":true}]}}