{"id":330,"date":"2023-09-06T20:58:51","date_gmt":"2023-09-06T20:58:51","guid":{"rendered":"https:\/\/esperilla.com.mx\/abogados\/?page_id=330"},"modified":"2026-04-30T19:27:02","modified_gmt":"2026-04-30T19:27:02","slug":"aviso-de-privacidad","status":"publish","type":"page","link":"https:\/\/cgctax.com\/english\/aviso-de-privacidad\/","title":{"rendered":"Aviso de Privacidad"},"content":{"rendered":"<p>Identidad y domicilio del responsable.<\/p>\n<p>Calder\u00f3n, Gonz\u00e1lez &amp; Carvajal S.C. (en lo sucesivo el \u201cResponsable\u201d), con domicilio en Campos El\u00edseos 400, interior 701, Colonia Lomas de Chapultepec, Alcald\u00eda Miguel Hidalgo, Ciudad de M\u00e9xico, M\u00e9xico, C.P. 11000, con correo electr\u00f3nico recepci\u00f3n@cgctax.com;\u00a0 con base en lo establecido en la Ley Federal de Protecci\u00f3n de Datos Personales en Posesi\u00f3n de los Particulares, su Reglamento, los Lineamientos del Aviso de Privacidad y de conformidad con los principios de licitud, consentimiento, informaci\u00f3n, calidad, finalidad, lealtad, proporcionalidad y responsabilidad, es responsable de sus Datos Personales y pone a su disposici\u00f3n el presente Aviso de Privacidad con el fin de informarle los prop\u00f3sitos del tratamiento y manejo de los Datos Personales y la informaci\u00f3n que en su caso nos proporciones o pudiera proporcionarnos a trav\u00e9s de diversos medios y\/o formas incluyendo nuestros sitios de internet, redes sociales, plataformas digitales y con motivo de la relaci\u00f3n o posible relaci\u00f3n por el uso de nuestros servicios.<\/p>\n<p>Datos personales sometidos a tratamiento.<\/p>\n<p>Para las finalidades establecidas en el presente Aviso de Privacidad, el Responsable puede llegar a requerir los siguientes Datos Personales de su Titular:<\/p>\n<p>1. Datos de identificaci\u00f3n: (i) nombres y apellidos completos; (ii) fecha de nacimiento; (iii) pa\u00eds de origen, nacionalidad y ciudadan\u00eda; (iv) Clave \u00danica de Registro de Poblaci\u00f3n (CURP) o su equivalente para otros pa\u00edses o jurisdicciones; (v) pa\u00eds o jurisdicci\u00f3n de residencia para efectos fiscales; (vi) tipo y n\u00famero o clave de su identificaci\u00f3n oficial; (vii) Clave en el Registro Federal de Contribuyentes (RFC) o su equivalente para otros pa\u00edses.<\/p>\n<p>2. Datos de contacto: (i) correo electr\u00f3nico; (ii) n\u00fameros telef\u00f3nicos; (iii) domicilio particular, y (iv) domicilio fiscal.<\/p>\n<p>3. Datos patrimoniales: (i) informaci\u00f3n de sus ingresos y erogaciones, actos o actividades gravados u otra informaci\u00f3n relevante en materia de imposici\u00f3n en M\u00e9xico o en el extranjero (ii) informaci\u00f3n concerniente a sueldos y salarios sobre usted o sus empleados; (iii) comprobantes de estados de cuenta bancarios, (iv) informaci\u00f3n relativa al cumplimento de normatividad en M\u00e9xico en diversas materias administrativas y (v) calificaci\u00f3n obtenida a trav\u00e9s de las Sociedades de Informaci\u00f3n Crediticia.<\/p>\n<p>4. Datos laborales y de seguridad social: (i) N\u00famero de Seguridad Social; (ii) afiliaci\u00f3n sindical, y (iii) N\u00famero de Registro Patronal, en su caso.<\/p>\n<p>Datos personales sensibles.<\/p>\n<p>Los datos personales sensibles a los cuales podr\u00edamos dar tratamiento son los siguientes: (i) estado civil; (ii) nombres y apellidos completos de sus c\u00f3nyuges, concubina\/concubinario; (iii) r\u00e9gimen patrimonial; (iv) confirmaci\u00f3n sobre si participa como socio o accionista en personas morales o fideicomisos, o en cualquier otra figura jur\u00eddica; (v) afiliaci\u00f3n sindical; (vi) rasgos de reconocimiento facial como parte del control de entrada al despacho; y (vii) estado de salud presente o futuro.<\/p>\n<p>Finalidades del tratamiento de datos personales.<\/p>\n<p>Los Datos Personales proporcionados o que pudieran proporcionarse ser\u00e1n utilizados por el Responsable para las siguientes finalidades:<\/p>\n<p>1. Aquellas indispensables para el cumplimiento de la relaci\u00f3n jur\u00eddica consistente en la prestaci\u00f3n de servicios legales, contables, y de asesor\u00eda en materias relacionadas, entre el Responsable y el Titular.<\/p>\n<p>2. Para realizar las investigaciones y acciones que el responsable considere necesarias.<\/p>\n<p>3. Cumplir las obligaciones legales, contables, regulatorias y contractuales a cargo del responsable.<\/p>\n<p>4. Para la prestaci\u00f3n de nuestros servicios.<\/p>\n<p>Medios para limitar el uso o divulgaci\u00f3n de datos personales.<\/p>\n<p>El Titular podr\u00e1 limitar el uso o divulgaci\u00f3n de su informaci\u00f3n mediante una solicitud dirigida al Responsable al correo recepcion@cgctax.com o por escrito en el domicilio ubicado en Campos El\u00edseos 400, Despacho 701 Col. Lomas de Chapultepec, C.P. 11000, Ciudad de M\u00e9xico, M\u00e9xico.<\/p>\n<p>La solicitud deber\u00e1 incluir: (i) nombre completo del titular; (ii) medio y direcci\u00f3n para recibir notificaciones; (iii) descripci\u00f3n clara de la limitaci\u00f3n solicitada; y (iv) documento vigente que acredite su identidad o, en su caso, la representaci\u00f3n legal.<\/p>\n<p>Las solicitudes ser\u00e1n atendidas en la medida en que no exista impedimento legal, no se contravenga alguna disposici\u00f3n aplicable al Responsable ni se afecten Derechos de terceros. Cuando la informaci\u00f3n solicitada implique Datos de otra persona Titular, podr\u00e1 negarse la entrega salvo consentimiento expreso de quien corresponda o habilitaci\u00f3n legal aplicable.<\/p>\n<p>Mecanismos, medios y procedimiento para ejercer los derechos de acceso, rectificaci\u00f3n, cancelaci\u00f3n y oposici\u00f3n.<\/p>\n<p>Ponemos a su disposici\u00f3n nuestro Departamento de Protecci\u00f3n de Datos Personales, por medio del cual usted, en cualquier momento, puede ejercer los Derechos de Acceso, Rectificaci\u00f3n, Cancelaci\u00f3n y Oposici\u00f3n (Derechos ARCO) respecto de sus Datos Personales.<\/p>\n<p>Para el ejercicio de los Derechos de Acceso Cancelaci\u00f3n y Oposici\u00f3n deber\u00e1 enviar un correo electr\u00f3nico a la direcci\u00f3n recepcion@cgctax.com, indicando como asunto su nombre y apellidos completos seguido del t\u00edtulo \u201cSolicitud Derechos ARCO\u201d; asimismo, la solicitud en el cuerpo del correo deber\u00e1 incluir: (i) nombre completo del titular; (ii) domicilio, correo electr\u00f3nico o cualquier otro medio para recibir notificaciones; (iii) documento vigente que acredite la identidad del Titular y solicitante; (iv) la descripci\u00f3n clara y precisa de los Datos Personales respecto de los que el Titular busca ejercer el Derecho ARCO; (v) la descripci\u00f3n clara y precisa del Derecho ARCO que se pretende ejercer, o bien, se\u00f1alar con precisi\u00f3n la solicitud del Titular y (vi) cualquier otro documento o elemento que facilite la localizaci\u00f3n de los Datos Personales.<\/p>\n<p>Para el ejercicio del Derecho de Rectificaci\u00f3n deber\u00e1 enviar un correo electr\u00f3nico a la direcci\u00f3n recepcion@cgctax.com, indicando como asunto su nombre y apellidos completos seguido del t\u00edtulo \u201cSolicitud Derechos ARCO\u201d; asimismo, la solicitud en el cuerpo del correo deber\u00e1 incluir: (i) nombre completo del titular; (ii) domicilio, correo electr\u00f3nico o cualquier otro medio para recibir notificaciones; (iii) documento vigente que acredite la identidad del Titular y solicitante; (iv) la descripci\u00f3n clara y precisa de los Datos Personales respecto de los que el Titular busca ejercer el Derecho ARCO; (v) la descripci\u00f3n clara y precisa del Derecho ARCO que se pretende ejercer, o bien, se\u00f1alar con precisi\u00f3n la solicitud del Titular; (vi) cualquier otro documento o elemento que facilite la localizaci\u00f3n de los Datos Personales; (vii) indicar las modificaciones a realizarse y aportar la documentaci\u00f3n que sustente la petici\u00f3n del Titular.<\/p>\n<p>El Titular ha de considerar que, en caso de ser requerido, la solicitud deber\u00e1 presentarse personalmente en nuestras oficinas, en el domicilio indicado anteriormente en este aviso, para verificar su identidad. Calder\u00f3n, Gonz\u00e1lez &amp; Carvajal S.C., en su car\u00e1cter de responsable de los Datos Personales, podr\u00e1 realizar la actualizaci\u00f3n de los datos personales \u00fanicamente con la documentaci\u00f3n y evidencia que sustente que la informaci\u00f3n del Titular en nuestros registros no es exacta, completa, correcta y actualizada, considerando la \u00faltima informaci\u00f3n proporcionada por el Titular o autoridad competente.<\/p>\n<p>En el caso del ejercicio de los Derechos ARCO, estos podr\u00e1n ser atendidos en su totalidad, siempre que no exista un impedimento legal, no se contravenga alguna disposici\u00f3n aplicable a Calder\u00f3n, Gonz\u00e1lez &amp; Carvajal S.C., o bien no implique usar o afectar Derechos de cualquier otro Titular, es decir, si los Datos Personales que se solicita conocer contienen, implican o informan Datos Personales de otro Titular, se podr\u00e1 negar el otorgamiento de dichos Datos, salvo manifestaci\u00f3n expresa del consentimiento del o de los Titulares de los Datos Personales solicitados por otro Titular en el ejercicio de su Derecho de Acceso.<\/p>\n<p>Calder\u00f3n, Gonz\u00e1lez &amp; Carvajal S.C. comunicar\u00e1 al Titular la respuesta a su solicitud a trav\u00e9s del medio de contacto proporcionado en la misma para este fin en un plazo m\u00e1ximo de veinte d\u00edas h\u00e1biles, contados desde la fecha en que se recibi\u00f3 dicha solicitud en el Departamento de Protecci\u00f3n de Datos Personales, dicha respuesta versar\u00e1 exclusivamente respecto de la informaci\u00f3n y Datos Personales solicitados por el Titular, lo anterior en cumplimiento a lo dispuesto en el art\u00edculo 98 segundo p\u00e1rrafo del Reglamento de la Ley Federal de Protecci\u00f3n de Datos Personales en Posesi\u00f3n de los Particulares que a la letra dice \u201cLa respuesta al Titular deber\u00e1 referirse exclusivamente a los datos personales que espec\u00edficamente se hayan indicado en la solicitud correspondiente\u201d. El plazo podr\u00e1 ser ampliado una sola vez por un periodo igual, siempre y cuando as\u00ed lo justifiquen las circunstancias del caso.<\/p>\n<p>Transferencia de Datos Personales.<\/p>\n<p>Para el cumplimiento de las finalidades establecidas en el presente Aviso de Privacidad, el Responsable podr\u00e1 transferir, dentro y fuera de territorio nacional, todos o parte de los Datos Personales del Titular en los siguientes casos:<\/p>\n<p>1. Con los socios comerciales del Responsable.<\/p>\n<p>2. Con autoridades o reguladores, en cuyo caso, los Datos a transferir ser\u00e1n exclusivamente aquellos que sean necesarios para cumplir con las exigencias regulatorias o contractuales y siempre en cumplimiento del presente Aviso de Privacidad.<\/p>\n<p>3. Con auditores y\/o sociedades adquirentes de todo o parte del negocio o los negocios del Responsable y\/o de sus partes relacionadas o a otros terceros receptores de datos por virtud de fusi\u00f3n, adquisici\u00f3n o consolidaci\u00f3n, para la finalidad de perfeccionar estas \u00faltimas.<\/p>\n<p>4. En los casos establecidos en las normas que regulan la materia.<\/p>\n<p>5. En los casos en los que dicha transferencia sea necesaria a efecto de cumplir con obligaciones legales, contables, regulatorias o contractuales a cargo del Responsable.<\/p>\n<p>Asimismo, le informamos que el Responsable podr\u00e1 remitir los Datos Personales del Titular a terceros proveedores de servicios cuando sea necesario para el cumplimiento de obligaciones de car\u00e1cter legal, contable, regulatorias o contractuales a cargo del Responsable; a terceros que presten servicios al Responsable relacionados con tecnolog\u00edas de la informaci\u00f3n, operaci\u00f3n y administraci\u00f3n, mantenimiento e instalaci\u00f3n.<\/p>\n<p>Las remisiones mencionadas con anterioridad incluyen, de forma enunciativa mas no limitativa, a contratistas, prestadores de servicios, proveedores, consultores, notar\u00edas, corredur\u00edas p\u00fablicas, peritos, traductores, auditores, aseguradoras, y\/o asesores de cualquier naturaleza del Responsable.<\/p>\n<p>Opciones y Medios para manifestar la revocaci\u00f3n del consentimiento.<\/p>\n<p>En cualquier momento, el Titular podr\u00e1 limitar el uso o divulgaci\u00f3n de los datos que proporcione, y revocar su consentimiento para el tratamiento de sus Datos Personales, para lo cual deber\u00e1 enviar un correo electr\u00f3nico a la direcci\u00f3n recepcion@cgctax.com, indicando como asunto su nombre y apellidos completos seguido del t\u00edtulo \u201cSolicitud de limitaci\u00f3n de uso o divulgaci\u00f3n y\/o revocaci\u00f3n de consentimiento\u201d; asimismo, la solicitud en el cuerpo del correo deber\u00e1 incluir: (i) nombre completo del titular; (ii) domicilio, correo electr\u00f3nico o cualquier otro medio para recibir notificaciones; (iii) documento vigente que acredite la identidad del Titular y solicitante; y, (iv) la solicitud clara y precisa por parte del Titular de revocar el consentimiento otorgado al Responsable para el tratamiento de los correspondientes Datos Personales.<\/p>\n<p>Cambios al aviso de privacidad.<\/p>\n<p>Calder\u00f3n, Gonz\u00e1lez &amp; Carvajal S.C. se reserva el Derecho a realizar actualizaciones al presente Aviso de Privacidad. Cualquier cambio o modificaci\u00f3n le ser\u00e1 informado a trav\u00e9s de cualquiera de los siguientes medios: 1) personalmente en el domicilio de Calder\u00f3n, Gonz\u00e1lez &amp; Carvajal S.C.; 2) A trav\u00e9s de correo electr\u00f3nico cuando el titular se\u00f1ale correo electr\u00f3nico para tal efecto cuando se inicie la relaci\u00f3n con el Responsable y 3) mediante avisos en el Sitio Web. Se recomienda al Titular consultar el Aviso de Privacidad, por lo menos semestralmente, para estar actualizado de las condiciones y t\u00e9rminos del mismo. De cualquier forma, el mismo se encuentra a su disposici\u00f3n, de forma directa y personal en el domicilio de Calder\u00f3n, Gonz\u00e1lez &amp; Carvajal S.C., en el Sitio Web y en el Departamento de Protecci\u00f3n de Datos Personales.<\/p>\n<p>Consentimiento<\/p>\n<p>Si el Titular no est\u00e1 de acuerdo con el presente Aviso de Privacidad, se deber\u00e1 de abstener de proporcionar su informaci\u00f3n o cualquier Dato Personal, de utilizar o requerir los servicios del Responsable y de ingresar, navegar y\/o utilizar las funciones y servicios de la p\u00e1gina web del Responsable.<\/p>\n<p>El consentimiento del Titular para el tratamiento de sus Datos Personales de acuerdo con los t\u00e9rminos previstos en el presente Aviso de Privacidad se considerar\u00e1 otorgado de manera t\u00e1cita, entendiendo por consentimiento t\u00e1cito cuando, habi\u00e9ndose puesto a su disposici\u00f3n el presente Aviso de Privacidad, no manifieste oposici\u00f3n alguna. Asimismo, se entender\u00e1 cualquier entrega de informaci\u00f3n, as\u00ed como su acceso y uso de las plataformas y\/o servicios del Responsable o la participaci\u00f3n en sus foros y eventos como manifestaci\u00f3n de su consentimiento y aceptaci\u00f3n del presente Aviso de Privacidad.<\/p>\n<p>Este aviso de privacidad es consultable en <a href=\"https:\/\/cgctax.com\/english\/aviso-de-privacidad\/\">https:\/\/cgctax.com\/english\/aviso-de-privacidad\/\u00a0<\/a>y en el formato en el que se recabe espec\u00edficamente su consentimiento.<\/p>\n<p>Nuestro sitio web https:\/\/cgctax.com\/ (el \u201cSitio Web\u201d) recaba cookies. Las cookies permiten que funcione el Sitio Web, si desea deshabilitarlas, verifique la configuraci\u00f3n de su navegador.<\/p>\n","protected":false},"excerpt":{"rendered":"<p>Identidad y domicilio del responsable. Calder\u00f3n, Gonz\u00e1lez &amp; Carvajal S.C. (en lo sucesivo el \u201cResponsable\u201d), con domicilio en Campos El\u00edseos 400, interior 701, Colonia Lomas de Chapultepec, Alcald\u00eda Miguel Hidalgo, Ciudad de M\u00e9xico, M\u00e9xico, C.P. 11000, con correo electr\u00f3nico recepci\u00f3n@cgctax.com;\u00a0 con base en lo establecido en la Ley Federal de Protecci\u00f3n de Datos Personales en [&hellip;]<\/p>\n","protected":false},"author":2,"featured_media":0,"parent":0,"menu_order":0,"comment_status":"closed","ping_status":"closed","template":"","meta":{"footnotes":""},"class_list":["post-330","page","type-page","status-publish","hentry"],"blocksy_meta":[],"_links":{"self":[{"href":"https:\/\/cgctax.com\/english\/wp-json\/wp\/v2\/pages\/330","targetHints":{"allow":["GET"]}}],"collection":[{"href":"https:\/\/cgctax.com\/english\/wp-json\/wp\/v2\/pages"}],"about":[{"href":"https:\/\/cgctax.com\/english\/wp-json\/wp\/v2\/types\/page"}],"author":[{"embeddable":true,"href":"https:\/\/cgctax.com\/english\/wp-json\/wp\/v2\/users\/2"}],"replies":[{"embeddable":true,"href":"https:\/\/cgctax.com\/english\/wp-json\/wp\/v2\/comments?post=330"}],"version-history":[{"count":3,"href":"https:\/\/cgctax.com\/english\/wp-json\/wp\/v2\/pages\/330\/revisions"}],"predecessor-version":[{"id":1224,"href":"https:\/\/cgctax.com\/english\/wp-json\/wp\/v2\/pages\/330\/revisions\/1224"}],"wp:attachment":[{"href":"https:\/\/cgctax.com\/english\/wp-json\/wp\/v2\/media?parent=330"}],"curies":[{"name":"wp","href":"https:\/\/api.w.org\/{rel}","templated":true}]}}